{"id":104,"date":"2017-11-30T14:15:45","date_gmt":"2017-11-30T14:15:45","guid":{"rendered":"https:\/\/allin-kaminbau.at\/?page_id=104"},"modified":"2017-12-01T10:08:55","modified_gmt":"2017-12-01T10:08:55","slug":"unsere-leistung","status":"publish","type":"page","link":"https:\/\/allin-kaminbau.at\/index.php\/unsere-leistung\/","title":{"rendered":"UNSERE LEISTUNG"},"content":{"rendered":"<section class=\"av_textblock_section \"  itemscope=\"itemscope\" itemtype=\"https:\/\/schema.org\/CreativeWork\" ><div class='avia_textblock  '  style='font-size:15px; '  itemprop=\"text\" ><header>\n<h1><span style=\"color: #a81010;\">Unsere Leistungen<\/span><\/h1>\n<\/header>\n<p>Wir sind ein Dienstleistungsunternehmen im Bereich Kaminsanierungen und Kaminofenmontagen und -service.<\/p>\n<p>Mit unserer 20-j\u00e4hrigen Erfahrung in unserer Branche sind wir imstande Sie in jedem Belang rund um Ihren Kamin und Kaminofen zu betreuen.<\/p>\n<p>Zu unseren Leistungen z\u00e4hlen folgende Sevices:<\/p>\n<ul>\n<li>Kaminschleifen<\/li>\n<li>Kaminfr\u00e4sen<\/li>\n<li>Rohranziehen<\/li>\n<li>\u00dcberkopfsanierung<\/li>\n<li>Aussenwandkamin<\/li>\n<li>Kaminofenmontage<\/li>\n<li>Kaminofenservice<\/li>\n<li>sowie alle anderen Servicearbeiten die j\u00e4hrlich anfallen<\/li>\n<\/ul>\n<p>Diese Leistungen beiten wir sowohl bei Neubau- als Altbauh\u00e4usern f\u00fcr Private und gewerbliche Kunden an.Mittels unserer Zufriedenheitsgarantie sind wir auch nach erledigter Arbeit f\u00fcr Sie erreichbar und betreuen Sie in Ihren Belangen.<br \/>\nBesichtigung in Wien und -umgebung bieten wir gratis an.<\/p>\n<p>F\u00fcr Fragen und bei Problemen sind wir stets bereit und sowohl telefonisch als auch per Mail erreichbar, Informationen siehe rechte Box unter Kontakt.<\/p>\n<p><strong>Sie k\u00f6nnen uns auch f\u00fcr Lieferungen und Montagen bei \u00d6fen aller Art die Sie ausw\u00e4rtig gekauft haben buchen.<\/strong><\/p>\n<\/div><\/section>\n","protected":false},"excerpt":{"rendered":"","protected":false},"author":1,"featured_media":0,"parent":0,"menu_order":0,"comment_status":"closed","ping_status":"closed","template":"","meta":[],"yoast_head":"<!-- This site is optimized with the Yoast SEO plugin v15.7 - https:\/\/yoast.com\/wordpress\/plugins\/seo\/ -->\n<title>UNSERE LEISTUNG - Kaminbau All-In<\/title>\n<meta name=\"robots\" content=\"index, follow, max-snippet:-1, max-image-preview:large, max-video-preview:-1\" \/>\n<link rel=\"canonical\" href=\"https:\/\/allin-kaminbau.at\/index.php\/unsere-leistung\/\" \/>\n<meta property=\"og:locale\" content=\"de_DE\" \/>\n<meta property=\"og:type\" content=\"article\" \/>\n<meta property=\"og:title\" content=\"UNSERE LEISTUNG - Kaminbau All-In\" \/>\n<meta property=\"og:url\" content=\"https:\/\/allin-kaminbau.at\/index.php\/unsere-leistung\/\" \/>\n<meta property=\"og:site_name\" content=\"Kaminbau All-In\" \/>\n<meta property=\"article:modified_time\" content=\"2017-12-01T10:08:55+00:00\" \/>\n<meta name=\"twitter:card\" content=\"summary_large_image\" \/>\n<meta name=\"twitter:label1\" content=\"Gesch\u00e4tzte Lesezeit\">\n\t<meta name=\"twitter:data1\" content=\"1 Minute\">\n<script type=\"application\/ld+json\" class=\"yoast-schema-graph\">{\"@context\":\"https:\/\/schema.org\",\"@graph\":[{\"@type\":\"WebSite\",\"@id\":\"https:\/\/allin-kaminbau.at\/#website\",\"url\":\"https:\/\/allin-kaminbau.at\/\",\"name\":\"Kaminbau All-In\",\"description\":\"Kaminsanierungen und Ofenmontagen aller Art\",\"potentialAction\":[{\"@type\":\"SearchAction\",\"target\":\"https:\/\/allin-kaminbau.at\/?s={search_term_string}\",\"query-input\":\"required name=search_term_string\"}],\"inLanguage\":\"de-DE\"},{\"@type\":\"WebPage\",\"@id\":\"https:\/\/allin-kaminbau.at\/index.php\/unsere-leistung\/#webpage\",\"url\":\"https:\/\/allin-kaminbau.at\/index.php\/unsere-leistung\/\",\"name\":\"UNSERE LEISTUNG - Kaminbau All-In\",\"isPartOf\":{\"@id\":\"https:\/\/allin-kaminbau.at\/#website\"},\"datePublished\":\"2017-11-30T14:15:45+00:00\",\"dateModified\":\"2017-12-01T10:08:55+00:00\",\"inLanguage\":\"de-DE\",\"potentialAction\":[{\"@type\":\"ReadAction\",\"target\":[\"https:\/\/allin-kaminbau.at\/index.php\/unsere-leistung\/\"]}]}]}<\/script>\n<!-- \/ Yoast SEO plugin. -->","_links":{"self":[{"href":"https:\/\/allin-kaminbau.at\/index.php\/wp-json\/wp\/v2\/pages\/104"}],"collection":[{"href":"https:\/\/allin-kaminbau.at\/index.php\/wp-json\/wp\/v2\/pages"}],"about":[{"href":"https:\/\/allin-kaminbau.at\/index.php\/wp-json\/wp\/v2\/types\/page"}],"author":[{"embeddable":true,"href":"https:\/\/allin-kaminbau.at\/index.php\/wp-json\/wp\/v2\/users\/1"}],"replies":[{"embeddable":true,"href":"https:\/\/allin-kaminbau.at\/index.php\/wp-json\/wp\/v2\/comments?post=104"}],"version-history":[{"count":5,"href":"https:\/\/allin-kaminbau.at\/index.php\/wp-json\/wp\/v2\/pages\/104\/revisions"}],"predecessor-version":[{"id":179,"href":"https:\/\/allin-kaminbau.at\/index.php\/wp-json\/wp\/v2\/pages\/104\/revisions\/179"}],"wp:attachment":[{"href":"https:\/\/allin-kaminbau.at\/index.php\/wp-json\/wp\/v2\/media?parent=104"}],"curies":[{"name":"wp","href":"https:\/\/api.w.org\/{rel}","templated":true}]}}